+ 31. Calculate the greatest common factor of 7 and k.
7
Suppose 0*b = 4*b - 68. Suppose 10*h + 70 = 5*h. Let p = 3 - h. What is the greatest common divisor of p and b?
17
Suppose -4*s = -2*j - 206, 4 + 11 = -5*j. Let t be (-15 + 7)*(-5)/2. Calculate the highest common factor of t and s.
10
Let t = 20 - -135. What is the greatest common factor of 31 and t?
31
Let a be (39/6 - -1)*2. Suppose -236 = 2*b + 76. Let o be 2/9 + b/(-27). What is the greatest common divisor of o and a?
3
Let s = -11 + 14. Suppose -10 = -s*v + 14. What is the highest common factor of v and 56?
8
Let q = 18 - 53. Let v = -24 - q. Calculate the greatest common divisor of v and 1.
1
Let i(c) = -c**3 + 8*c**2 + c - 4. Let h be i(8). Suppose 14 = 3*n - h*f, n - 8 = f - 3*f. What is the highest common factor of 48 and n?
6
Let w(r) = -5*r - 19. Let c be w(-4). What is the highest common factor of 5 and c?
1
Let u = 76 - -149. Calculate the highest common factor of u and 25.
25
Let b = -23 + 73. What is the highest common factor of 10 and b?
10
Suppose -3*b + 2 = -b, 4*b + 18 = z. Let t = -2 + z. Calculate the greatest common divisor of 10 and t.
10
Let s = -14 + 157. What is the highest common factor of s and 11?
11
Suppose 15*x = 16*x - 1. Let i be (-2)/(-7) + 75/7. What is the greatest common divisor of i and x?
1
Suppose 2*c = -c + 231. Let q(p) = -3*p - 1. Let n be q(-4). What is the highest common factor of c and n?
11
Let q(b) = -b - 6. Let j be q(-12). Suppose -3*l + j*l = 18. Suppose 5*v + 15 = 90. What is the greatest common factor of l and v?
3
Let s(g) = -2*g + 1. Let h be s(-1). Let j = h + -1. Let y be (-5)/(-1 + j/4). What is the highest common divisor of 25 and y?
5
Let h = 302 - 176. Let r be 136/51*h/8. What is the greatest common divisor of 14 and r?
14
Suppose -4*o + 12 + 0 = -a, o + 4*a = -14. Suppose -10*g + 32 = -o*g. Suppose 3*k - 2 = 5*x + 1, 2*k = x + 2. What is the highest common divisor of k and g?
1
Suppose 42*y - 56*y + 616 = 0. Suppose -42 = -4*o + 2*u, 6 = o - u - 4. What is the greatest common factor of o and y?
11
Suppose -35 = -25*m + 20*m. What is the highest common factor of m and 7?
7
Suppose 1440 = 7*j + 3*j. What is the greatest common factor of j and 9?
9
Suppose -r + 5*m + 65 = -6*r, 5*r + m + 77 = 0. Let j = 22 + r. Calculate the highest common divisor of j and 30.
6
Let j(i) = -i**3 - 16*i**2 + 31*i - 25. Let v be j(-18). What is the highest common factor of 26 and v?
13
Suppose g = 6 + 6. Suppose -d - 16 = -3*d + 2*s, 52 = 3*d + 4*s. Calculate the highest common factor of d and g.
12
Let k(z) = z**3 + 5*z**2 + 2*z - 5. Let s be k(-4). Let x = 31 - 19. Suppose -s*q + 12 = -x. Calculate the greatest common divisor of 12 and q.
4
Let h be 12/(-3)*(-1 + -1). Suppose 0*l - 24 = -3*l. Calculate the highest common factor of l and h.
8
Let s(r) = r**2 + 8*r - 6. Let n be s(-9). Suppose -c - 5*o + 14 = -n*o, 52 = 2*c - 4*o. Calculate the greatest common factor of c and 10.
10
Let q(o) = o**2 + 2*o + 25. Let k be q(0). What is the highest common divisor of 25 and k?
25
Let f be 15/(-1)*(41 - 42). Suppose -2 = 2*q - 92. Calculate the highest common divisor of q and f.
15
Let a(d) = -d**3 + 8*d**2 - 9*d + 4. Let c be a(7). Let m be 462*(-2 + c/(-4)). Let u = -165 + 186. Calculate the greatest common divisor of u and m.
21
Suppose 28 = 2*q - 22. Calculate the highest common factor of q and 225.
25
Let c be -3 - (1 + (-16)/4). Suppose -3*q + 126 = -c*q. What is the highest common factor of q and 6?
6
Suppose 53*u = 59*u - 1404. Let f = 33 + -7. Calculate the highest common factor of u and f.
26
Let d = -374 - -638. Let p = d + -93. What is the greatest common factor of p and 19?
19
Let x(u) = -2*u + 5. Let i be x(-3). Calculate the highest common factor of i and 44.
11
Suppose 6*h = 7*h - 12. Let y(d) = 4*d**3 - d**2. Let g be y(1). What is the highest common factor of h and g?
3
Let z(p) = 2*p - 1. Let w be z(5). Calculate the greatest common divisor of 36 and w.
9
Suppose 5*a = 3*a + b + 92, -5*a + 224 = -4*b. What is the greatest common factor of a and 12?
12
Let a = 4 - -6. Calculate the highest common divisor of a and 80.
10
Suppose -k + 3 = 2, 4*k = 2*t + 22. Let o be (-2)/t + 2154/27. What is the greatest common factor of o and 8?
8
Let x(q) = q**2 - 8*q + 3. Let d be x(8). Suppose f + 12 = d*y - 1, -3*f = 5*y - 17. Calculate the greatest common divisor of y and 4.
4
Suppose 2*c - 3 - 5 = 0, 22 = d + 5*c. Suppose 6 - d = 2*h. Calculate the greatest common factor of 2 and h.
2
Let u = -24 + 28. Calculate the highest common factor of u and 1.
1
Let g = -8 + 13. Suppose 64 = g*k + 14. Let t = 46 - 26. What is the greatest common divisor of t and k?
10
Suppose 3*s - 7*s + 352 = 0. Calculate the highest common factor of 22 and s.
22
Let h = 5 - 1. Suppose -h*t + 5 + 16 = 3*w, 4*w - t - 28 = 0. Let q be (2/(-4) - -4)*2. What is the greatest common factor of q and w?
7
Suppose 223 + 349 = 2*p. Calculate the highest common divisor of 26 and p.
26
Let p be ((-42)/(-4))/((-12)/(-16)). Suppose -4*f - 2*c = -226, 2*f - c - 3*c - 108 = 0. Calculate the highest common factor of p and f.
14
Suppose -2*t + t + 2 = 5*b, 4*b = -5*t + 115. Calculate the highest common factor of 90 and t.
9
Let z be 2*4 + (-10 - -11). Suppose -5*g - b + 176 = 0, -3*g = 4*b - 54 - 38. Calculate the greatest common divisor of g and z.
9
Suppose 0 = 3*u - u - 18. What is the greatest common factor of u and 12?
3
Let d be 264 + (0/(-2) - 4). Let h = d - 84. Calculate the greatest common factor of h and 16.
16
Let v(i) = i**2 + 7*i + 4. Let j be (-6)/33 - 225/33. Let s be v(j). Calculate the highest common divisor of s and 36.
4
Let v = 78 - 39. What is the highest common divisor of 13 and v?
13
Let q = -9 + 11. Calculate the highest common divisor of 2 and q.
2
Let j = -49 + 85. What is the highest common factor of 24 and j?
12
Let s = -220 + 360. Calculate the greatest common divisor of 20 and s.
20
Suppose 0 = 2*t - y - y - 50, 0 = 2*y + 6. Calculate the greatest common divisor of 176 and t.
22
Suppose b + 38 = -s + 4*s, 0 = -3*s - 2*b + 23. Suppose -4*p + 117 = 3*m, 4*p - 6*p + 91 = -5*m. Calculate the highest common divisor of p and s.
11
Let d(v) = -v + 12. Let n be d(0). Let w be n - ((-1)/1 + 4). Calculate the greatest common factor of w and 45.
9
Let f(c) = -4*c + 3 - 3*c - 2 + 5*c. Let z be f(2). Let r be 81/(-6)*2/z. What is the greatest common divisor of r and 81?
9
Suppose 0 = -5*u + 78 + 27. Let p = 45 - u. Suppose -3*z - 3*g = -21, -36 = -5*z - 0*g - 4*g. Calculate the highest common factor of p and z.
8
Let r(i) = -i**3 + 14*i**2 - 15*i. Let c = -13 - -25. Let z be r(c). Calculate the highest common divisor of z and 12.
12
Let f(n) = 2*n**2 - 8*n - 7. Let o be f(7). Suppose -2*u - 2*u - 12 = 0. Let q be 20/3 + (-1)/u. Calculate the highest common divisor of o and q.
7
Let u(m) = 11*m - 2. Let g be u(3). What is the highest common divisor of g and 248?
31
Let k(a) = a + 9. Let l be k(0). Calculate the highest common factor of 36 and l.
9
Let s(w) = w**2 + 2*w - 2. Let n be s(5). What is the highest common factor of n and 11?
11
Let m(q) = 9*q**2 - 2*q - 3. Let j be m(3). Suppose 3*g - 2*g = 2*x - 20, 0 = 3*x - 4*g - 35. What is the greatest common divisor of x and j?
9
Let b(d) = d**3 + 4*d**2 - 2*d + 4. Let i be b(-4). What is the greatest common divisor of 108 and i?
12
Suppose -123 = -3*f - 51. Calculate the highest common divisor of f and 36.
12
Suppose -q - 7 = -3*x, 3*q + 1 = -3*x + 2*q. Calculate the highest common divisor of x and 3.
1
Suppose -618 = -6*c + 96. What is the greatest common factor of c and 17?
17
Let w(u) = 7*u - 44. Let a be w(16). What is the greatest common factor of a and 34?
34
Let v be (-2575)/(-9) + (-7)/63. What is the greatest common divisor of 26 and v?
26
Suppose 24*r = 19*r + 25. Calculate the highest common factor of 10 and r.
5
Let w(a) = 6*a. Let o be w(1). Suppose -2*s + l + 5 = -3*s, -18 = 4*s + 2*l. Let b be -3*s/14*49. What is the highest common divisor of b and o?
6
Suppose -2 = -2*f - 2*j, -20 = 6*j - 2*j. Let u = 10 - f. Calculate the greatest common factor of u and 44.
4
Let m be 4872/35 - (-2)/(-10). Let s = m - 29. What is the greatest common divisor of s and 44?
22
Let k be (10/4)/(3/6). Let s(g) = -g + 6. Let t